{"id":15274,"date":"2018-02-21T09:58:29","date_gmt":"2018-02-21T08:58:29","guid":{"rendered":"http:\/\/frailedeltiempo.com\/informacion-sobre-el-envio\/"},"modified":"2021-09-16T20:21:24","modified_gmt":"2021-09-16T18:21:24","slug":"informacio-sobre-enviament","status":"publish","type":"page","link":"https:\/\/frailedeltiempo.com\/ca\/informacio-sobre-enviament\/","title":{"rendered":"Informaci\u00f3 sobre l&#8217;enviament"},"content":{"rendered":"<div class=\"wpb-content-wrapper\"><p>[vc_row css_animation=&#8221;&#8221; row_type=&#8221;row&#8221; use_row_as_full_screen_section=&#8221;no&#8221; type=&#8221;grid&#8221; angled_section=&#8221;no&#8221; text_align=&#8221;left&#8221; background_image_as_pattern=&#8221;without_pattern&#8221; z_index=&#8221;&#8221;][vc_column][vc_column_text]<\/p>\n<div class=\"rte\">\n<h3><strong>Termini<\/strong><\/h3>\n<p><span id=\"result_box\" class=\"\" lang=\"ca\"><span class=\"\">Termini<\/span> <span class=\"\">de lliurament<\/span> habitual a la pen\u00ednsula \u00e9s <span class=\"\">de 24 <\/span>hores laborals, es pot estendre a 48 hores per motius del transportista, des de la sortida dels nostres <span class=\"\">magatzems<\/span> (<span class=\"\">de dilluns<\/span> <span class=\"\">a divendres i en<\/span> <span class=\"\">dies<\/span> <span class=\"\">h\u00e0bils<\/span><span class=\"\">)<\/span><\/span>.<\/p>\n<p>Si la comanda \u00e9s a les Illes Balears ser\u00e0 aproximadament de 72 hores des de la sortida dels nostres magatzems.<\/p>\n<p><span data-language-for-alternatives=\"ca\" data-language-to-translate-into=\"es\" data-phrase-index=\"38\">Si<\/span> la comanda \u00e9s a les Illes Can\u00e0ries ser\u00e0 aproximadament de 7\/10 dies des de la sortida dels nostres magatzems.<\/p>\n<p><span id=\"result_box\" class=\"\" lang=\"ca\">Les comandes realitzades a partir de les 16:00, seran registrades per al dia seg\u00fcent. <\/span><\/p>\n<p><span id=\"result_box\" class=\"\" lang=\"ca\">Quan s&#8217;efectua una comanda, <strong>frailedeltiempo.com<\/strong> estima un termini de lliurament basat en la <span class=\"\">disponibilitat<\/span> d&#8217;<span class=\"\">exist\u00e8ncies.<\/span> Si no disposem del material al magatzem el termini de lliurament pot <span class=\"\">variar<\/span> i <span class=\"\">sempre<\/span> enviarem un correu electr\u00f2nic previ al client perqu\u00e8 doni la seva <span class=\"\">conformitat.<\/span><\/span><\/p>\n<p>&nbsp;<\/p>\n<h3><strong>Cost d&#8217;enviaments<br \/>\n<\/strong><\/h3>\n<div id=\"gt-res-content\">\n<div id=\"gt-res-dir-ctr\" class=\"trans-verified-button-small\" dir=\"ltr\"><span id=\"result_box\" class=\"\" lang=\"ca\"><span class=\"\">E<\/span><span class=\"\">ls<\/span> <span class=\"\">enviaments a pen\u00ednsula es<\/span> <span class=\"\">realitzen<\/span> mitjan\u00e7ant servei per ag\u00e8ncia de missatgeria o recollida <span class=\"\">a les nostres instal\u00b7lacions<\/span><span class=\"\">.<\/span><\/span><\/div>\n<\/div>\n<p>Les despeses son de <strong>4,00 Euros<\/strong> per als enviaments a la pen\u00ednsula. (IVA Incl\u00f2s). Aquest preu es total per enviament, <span id=\"result_box\" class=\"short_text\" lang=\"ca\"><span class=\"\">sent<\/span> <span class=\"\">d&#8217;un o m\u00e9s<\/span> productes a enviar<\/span>.<\/p>\n<p>ENVIAMENTS <strong>GRATIS<\/strong> per les comandes d&#8217;import de <strong>compra superior als 60 Euros<\/strong>.<\/p>\n<p>Per als enviaments a les Illes Balears les despeses son de 6,00 Euros. Gratis amb compra superior a 80 Euros<\/p>\n<p>Per als enviaments a les Illes Can\u00e0ries les despeses son de 8,00 Euros. Gratis amb compra superior a 120 Euros.<\/p>\n<p><span id=\"result_box\" class=\"\" lang=\"ca\">Les despeses del despatx de duanes i <span class=\"VIiyi\" lang=\"ca\"> <span class=\"JLqJ4b ChMk0b\" data-language-for-alternatives=\"ca\" data-language-to-translate-into=\"es\" data-phrase-index=\"5\">altres despeses en<\/span> <span class=\"JLqJ4b ChMk0b\" data-language-for-alternatives=\"ca\" data-language-to-translate-into=\"es\" data-phrase-index=\"6\">destinaci\u00f3<\/span><\/span> no estan inclosos en el preu de l&#8217;article ni en l&#8217;enviament, i ha de pagar en dest\u00ed pel comprador <span class=\"\">de la mercaderia<\/span><\/span>.<\/p>\n<\/div>\n<p>[\/vc_column_text][vc_separator type=&#8221;transparent&#8221; down=&#8221;80&#8243;][\/vc_column][\/vc_row]<\/p>\n<\/div>","protected":false},"excerpt":{"rendered":"<p>[vc_row css_animation=&#8221;&#8221; row_type=&#8221;row&#8221; use_row_as_full_screen_section=&#8221;no&#8221; type=&#8221;grid&#8221; angled_section=&#8221;no&#8221; text_align=&#8221;left&#8221; background_image_as_pattern=&#8221;without_pattern&#8221; z_index=&#8221;&#8221;][vc_column][vc_column_text] Termini Termini de lliurament habitual a la pen\u00ednsula \u00e9s de 24 hores laborals, es pot estendre a 48 hores per motius del transportista, des de la sortida dels nostres magatzems (de dilluns a divendres i en&#8230;<\/p>\n","protected":false},"author":1,"featured_media":0,"parent":0,"menu_order":0,"comment_status":"closed","ping_status":"closed","template":"full_width.php","meta":{"_joinchat":[],"footnotes":""},"class_list":["post-15274","page","type-page","status-publish","hentry"],"_links":{"self":[{"href":"https:\/\/frailedeltiempo.com\/ca\/wp-json\/wp\/v2\/pages\/15274","targetHints":{"allow":["GET"]}}],"collection":[{"href":"https:\/\/frailedeltiempo.com\/ca\/wp-json\/wp\/v2\/pages"}],"about":[{"href":"https:\/\/frailedeltiempo.com\/ca\/wp-json\/wp\/v2\/types\/page"}],"author":[{"embeddable":true,"href":"https:\/\/frailedeltiempo.com\/ca\/wp-json\/wp\/v2\/users\/1"}],"replies":[{"embeddable":true,"href":"https:\/\/frailedeltiempo.com\/ca\/wp-json\/wp\/v2\/comments?post=15274"}],"version-history":[{"count":10,"href":"https:\/\/frailedeltiempo.com\/ca\/wp-json\/wp\/v2\/pages\/15274\/revisions"}],"predecessor-version":[{"id":18846,"href":"https:\/\/frailedeltiempo.com\/ca\/wp-json\/wp\/v2\/pages\/15274\/revisions\/18846"}],"wp:attachment":[{"href":"https:\/\/frailedeltiempo.com\/ca\/wp-json\/wp\/v2\/media?parent=15274"}],"curies":[{"name":"wp","href":"https:\/\/api.w.org\/{rel}","templated":true}]}}

Informació sobre l&#8217;enviament

<div class="wpb-content-wrapper"><p>[vc_row css_animation=&#8221;&#8221; row_type=&#8221;row&#8221; use_row_as_full_screen_section=&#8221;no&#8221; type=&#8221;grid&#8221; angled_section=&#8221;no&#8221; text_align=&#8221;left&#8221; background_image_as_pattern=&#8221;without_pattern&#8221; z_index=&#8221;&#8221;][vc_column][vc_column_text]</p>
<div class="rte">
<h3><strong>Termini</strong></h3>
<p><span id="result_box" class="" lang="ca"><span class="">Termini</span> <span class="">de lliurament</span> habitual a la península és <span class="">de 24 </span>hores laborals, es pot estendre a 48 hores per motius del transportista, des de la sortida dels nostres <span class="">magatzems</span> (<span class="">de dilluns</span> <span class="">a divendres i en</span> <span class="">dies</span> <span class="">hàbils</span><span class="">)</span></span>.</p>
<p>Si la comanda és a les Illes Balears serà aproximadament de 72 hores des de la sortida dels nostres magatzems.</p>
<p><span data-language-for-alternatives="ca" data-language-to-translate-into="es" data-phrase-index="38">Si</span> la comanda és a les Illes Canàries serà aproximadament de 7/10 dies des de la sortida dels nostres magatzems.</p>
<p><span id="result_box" class="" lang="ca">Les comandes realitzades a partir de les 16:00, seran registrades per al dia següent. </span></p>
<p><span id="result_box" class="" lang="ca">Quan s&#8217;efectua una comanda, <strong>frailedeltiempo.com</strong> estima un termini de lliurament basat en la <span class="">disponibilitat</span> d&#8217;<span class="">existències.</span> Si no disposem del material al magatzem el termini de lliurament pot <span class="">variar</span> i <span class="">sempre</span> enviarem un correu electrònic previ al client perquè doni la seva <span class="">conformitat.</span></span></p>
<p>&nbsp;</p>
<h3><strong>Cost d&#8217;enviaments<br />
</strong></h3>
<div id="gt-res-content">
<div id="gt-res-dir-ctr" class="trans-verified-button-small" dir="ltr"><span id="result_box" class="" lang="ca"><span class="">E</span><span class="">ls</span> <span class="">enviaments a península es</span> <span class="">realitzen</span> mitjançant servei per agència de missatgeria o recollida <span class="">a les nostres instal·lacions</span><span class="">.</span></span></div>
</div>
<p>Les despeses son de <strong>4,00 Euros</strong> per als enviaments a la península. (IVA Inclòs). Aquest preu es total per enviament, <span id="result_box" class="short_text" lang="ca"><span class="">sent</span> <span class="">d&#8217;un o més</span> productes a enviar</span>.</p>
<p>ENVIAMENTS <strong>GRATIS</strong> per les comandes d&#8217;import de <strong>compra superior als 60 Euros</strong>.</p>
<p>Per als enviaments a les Illes Balears les despeses son de 6,00 Euros. Gratis amb compra superior a 80 Euros</p>
<p>Per als enviaments a les Illes Canàries les despeses son de 8,00 Euros. Gratis amb compra superior a 120 Euros.</p>
<p><span id="result_box" class="" lang="ca">Les despeses del despatx de duanes i <span class="VIiyi" lang="ca"> <span class="JLqJ4b ChMk0b" data-language-for-alternatives="ca" data-language-to-translate-into="es" data-phrase-index="5">altres despeses en</span> <span class="JLqJ4b ChMk0b" data-language-for-alternatives="ca" data-language-to-translate-into="es" data-phrase-index="6">destinació</span></span> no estan inclosos en el preu de l&#8217;article ni en l&#8217;enviament, i ha de pagar en destí pel comprador <span class="">de la mercaderia</span></span>.</p>
</div>
<p>[/vc_column_text][vc_separator type=&#8221;transparent&#8221; down=&#8221;80&#8243;][/vc_column][/vc_row]</p>
</div>

<p>[vc_row css_animation=&#8221;&#8221; row_type=&#8221;row&#8221; use_row_as_full_screen_section=&#8221;no&#8221; type=&#8221;grid&#8221; angled_section=&#8221;no&#8221; text_align=&#8221;left&#8221; background_image_as_pattern=&#8221;without_pattern&#8221; z_index=&#8221;&#8221;][vc_column][vc_column_text] Termini Termini de lliurament habitual a la península és de 24 hores laborals, es pot estendre a 48 hores per motius del transportista, des de la sortida dels nostres magatzems (de dilluns a divendres i en&#8230;</p>
